12 + 26. Let r be ((-15)/6)/((-3)/(-12)*u). Calculate the greatest common divisor of 2 and r.
1
Let s be 2030/4 + 2/4. Let a = 245 - s. Let k = -182 - a. Calculate the greatest common divisor of 9 and k.
9
Suppose 8*g = 5*g + 48. Let d = -13 + g. Suppose 6*o - 288 = d*o. What is the greatest common factor of o and 12?
12
Suppose 12*f = -10*f + 1056. Calculate the greatest common factor of 80 and f.
16
Suppose -2*q + 8 = 2. Let c be (-2 + (-453)/(-9))*q. Suppose 485 = 5*l + c. Calculate the greatest common divisor of l and 17.
17
Suppose 24375 = 62*n - 23*n. What is the greatest common divisor of n and 5?
5
Let k be 1595 + -1 + 12 + -7. What is the greatest common factor of k and 123?
123
Suppose -1710*y - 70 = -1717*y. What is the highest common divisor of 14 and y?
2
Let a be 49825/100 + 15/(-12). Calculate the highest common divisor of a and 7.
7
Let q be (-1)/(2/(-30))*1. Calculate the highest common divisor of q and 75.
15
Let c(r) = 4*r**2 - r - 60. Let z be c(9). Calculate the greatest common factor of z and 51.
51
Suppose -2*f + 76 = -4*w - 12, -2*w = 2*f - 100. What is the greatest common divisor of 60 and f?
12
Let r be (-90)/(-2)*1 - -3. Let i be 2/6 + (-140)/r*-4. Calculate the highest common factor of i and 84.
12
Let g = 537 - 182. Calculate the greatest common factor of g and 142.
71
Suppose -4*r - r = 5*q - 55, -5*r = -2*q - 76. Suppose 306 = 3*b + 12. Calculate the highest common factor of r and b.
14
Let v(f) = f**2 + 7*f - 9. Let n(l) = 11*l**2 + 2*l + 1. Let u be n(-1). Suppose -u - 17 = 3*h. Let t be v(h). What is the greatest common divisor of t and 6?
3
Let l be 2/30 + (-23764)/(-390). What is the highest common divisor of l and 1403?
61
Let o(m) = 372*m - 39. Let u be o(4). What is the greatest common factor of u and 63?
63
Let y be 1/(0 - (-2)/110). Let l(n) = 4*n + 40. Let x be l(-16). Let p = 35 + x. What is the highest common factor of y and p?
11
Let d = -69 + 72. Suppose d*b + 3*s - 48 = 0, 3*s - 2*s = 2. What is the highest common factor of b and 84?
14
Suppose -429*s = 2*q - 424*s - 50, -64 = -4*q - s. Calculate the greatest common divisor of q and 465.
15
Let a(i) = 35*i - 196. Let c be a(14). What is the highest common factor of c and 84?
42
Let h be (-11 + 12)/(1/29) + 1. Calculate the greatest common divisor of h and 60.
30
Let s = 15 + -11. Suppose 0 = b - 4*o + 12, 59 = -s*b + 3*o + 2*o. Let g = b + 34. What is the greatest common divisor of 144 and g?
18
Suppose 5*v - 3 - 12 = 0, -5*v + 917 = 2*x. Calculate the greatest common factor of 11 and x.
11
Suppose -3*s + 2*g = -55 - 71, -5*g = -2*s + 84. Calculate the highest common divisor of 126 and s.
42
Let r = -251 - -446. Suppose -227*w + 81 + 1767 = -1557. Calculate the highest common divisor of r and w.
15
Let f be 1/(-7) + 66/21. Suppose -4*z - 5*r = 14 - 60, -2*z + 12 = -f*r. What is the greatest common factor of 3 and z?
3
Let p(f) = 4*f**2 + 26*f + 28. Let m be p(0). What is the highest common divisor of 36 and m?
4
Let f(m) = 7*m**2 - 5 + 4*m - 2 + m**3 + 0 + 1. Let b be f(-6). Suppose -b*o = -o - 75. What is the highest common factor of o and 3?
3
Let z = -74 - -116. Suppose -3*t - 39 + z = 0. Calculate the greatest common divisor of t and 2.
1
Let p(b) = -3*b**2 + 10*b - 20. Let n be p(-9). Let f = 560 + n. Calculate the greatest common divisor of 23 and f.
23
Let y be 2/5 + 2/(-5) + 46. Suppose -5*h - 36 = 3*x - 140, 2*h - x = y. Calculate the highest common factor of h and 22.
22
Let o(m) = -m**3 + 4*m**2 + m - 2. Let a be o(-3). Suppose u + a = 4*z - 109, 3*z - 12 = 0. Let x = -103 - u. What is the highest common divisor of 16 and x?
16
Let b = 29 - 23. Let k = b + -9. Let n(j) = -j**3 - 3*j**2 - 2*j + 2. Let m be n(k). Calculate the greatest common divisor of 4 and m.
4
Suppose f + 910 = -7*d + 9*d, -5*d - 3*f = -2275. Calculate the greatest common divisor of d and 65.
65
Suppose -4*d - 22 + 75 = -f, 2*d + 3*f - 37 = 0. Let r be 4/d + 2829/21. What is the highest common factor of r and 27?
27
Let h = 117 + -108. Suppose h = 32*p - 31*p. What is the highest common divisor of 207 and p?
9
Suppose 0 = -4*w + 2*w. Suppose -b - b - 2*q + 2 = w, -23 = -2*b + 5*q. Suppose -b*t + t = -39. What is the highest common divisor of 143 and t?
13
Let c be (2 - -1)*(-10)/(-6). Let g(o) = o + 3. Let n be g(c). Let b = 102 + -94. What is the greatest common divisor of b and n?
8
Let w be (-21)/4*(-7 + 3). Let y = 2028 - 1797. Calculate the greatest common divisor of y and w.
21
Suppose 0 = 2*z + 2*i - 6, i - 1 = 3*z + 6*i. Let c be (0 + 3)*(-4)/(-3). Calculate the highest common factor of c and z.
4
Suppose -147*q - 2600 = -251*q. Let k be -5*3*(0 + -1). What is the highest common factor of q and k?
5
Suppose z + 3*z + 4*s = 208, -2*z + 106 = 4*s. Suppose 4*x - z = 137. Let m = -8 + x. Calculate the highest common factor of 13 and m.
13
Let i(r) = r**2 - 38*r + 84. Let g be i(39). What is the highest common divisor of 82 and g?
41
Let y be (1 - 0)/(2/18). What is the greatest common divisor of 450 and y?
9
Suppose t - n = 32, 0 = -4*t + 5*n - 10*n + 128. What is the greatest common factor of 12 and t?
4
Let m(x) = x**2 - 2*x - 15. Let k be m(-9). Suppose 4*a + 5*l - k = 2*a, 2*a - 5*l - 44 = 0. Calculate the greatest common divisor of a and 8.
8
Suppose 678 = 7*s - 582. What is the greatest common factor of s and 324?
36
Let t = -37 + 66. Let a = t - 7. Let p(c) = c**3 - c**2 - c + 2. Let q be p(0). Calculate the greatest common divisor of q and a.
2
Suppose 1069 = 14*j - 1031. Calculate the greatest common factor of j and 350.
50
Let a be -1 + (1 - 0) - -14. Let h be 24/(-1)*3/6. Let n be ((-6)/2)/h - (-249)/12. What is the greatest common divisor of n and a?
7
Suppose -3*y + 35 = 5*t, 2*y = 6*y + 5*t - 45. Let m(l) = -l**3 + 14*l**2 - 4*l - 16. Let c be m(y). What is the greatest common factor of c and 43?
43
Suppose 383 - 23 = 5*a. Calculate the greatest common factor of a and 252.
36
Suppose 0 = -4*g + 3*n - 8*n + 83, -n - 23 = -g. Calculate the highest common factor of 2442 and g.
22
Let k be 2 - 6*1/(-2). Let i = k - 1. Let f be i/(-18) + (-92)/(-9). What is the greatest common divisor of f and 90?
10
Let o = -231 + 581. What is the greatest common divisor of o and 140?
70
Let v = 12 + -7. Suppose -v*p + 2*l + 75 = 5*l, 4*l + 60 = 4*p. Suppose 5*t - 24 = -r - 0*r, 5*t - p = 0. Calculate the greatest common divisor of r and 27.
9
Let o(v) be the third derivative of -7*v**4/24 - 19*v**3/6 - 14*v**2. Let z be o(-5). What is the greatest common divisor of z and 12?
4
Suppose n = -5*a + 114, 5*n - n + 50 = 3*a. Calculate the greatest common divisor of a and 77.
11
Let o be (-3)/(-4) + 1500/(-16). Let z = -36 - o. Calculate the highest common factor of 19 and z.
19
Let i be (-2)/11 + 706/11. Suppose 27*c - k + 48 = 30*c, 0 = -3*c + 3*k + 48. What is the highest common factor of i and c?
16
Suppose 37 = 5*o - 4*l - 0*l, -3*o + l + 18 = 0. Suppose 4*j - o - 35 = 0. Calculate the greatest common divisor of 15 and j.
5
Let f = 570 + -399. What is the highest common factor of 95 and f?
19
Suppose 5 = 5*i, 6*x - 3*x = 4*i - 7. Let n(k) = -10*k + 28 + 0*k - 19*k - 27 - 36*k. Let g be n(x). Calculate the greatest common divisor of 165 and g.
33
Let x(r) = -3*r - 15. Let y be x(-16). Suppose -3 + 1 = -2*q - 4*i, 3*i + 4 = -q. Let m be q + -2 + 2 + 0. Calculate the greatest common factor of m and y.
11
Let d be (5/(-8))/5 + (-6403)/(-152). Calculate the greatest common divisor of d and 672.
42
Let q(r) = -13*r**2 - 8*r - 3. Let t(f) = -26*f**2 - 17*f - 7. Let b(x) = -7*q(x) + 3*t(x). Let p be b(1). What is the highest common divisor of p and 162?
18
Suppose -3*h + 0*o + 220 = -o, -4*o = -4*h + 280. Calculate the greatest common divisor of h and 100.
25
Let y(h) = h**2 - 14*h + 3. Let v be y(0). Let k(w) = -12*w - 3. Let a be k(-1). Calculate the greatest common divisor of v and a.
3
Suppose 5*r - 15 = -i - 0, 14 = 2*i + 2*r. Suppose -i*k + 5 = 5*t, 5*t - k = -2 + 7. Let p = 7 + -6. Calculate the highest common factor of p and t.
1
Suppose 2*l + 4*t - 60 = 0, -4*t = -14*l + 10*l + 60. Calculate the greatest common factor of l and 60.
20
Let q be 3114/63 - (-12)/21. Calculate the greatest common divisor of q and 30.
10
Suppose -p = h - 130, -5*h + 49 = -3*p + 447. Supp